{"id":2,"date":"2019-06-05T11:39:57","date_gmt":"2019-06-05T11:39:57","guid":{"rendered":"http:\/\/www.pekkatiitu.fi\/?page_id=2"},"modified":"2023-09-22T10:48:11","modified_gmt":"2023-09-22T10:48:11","slug":"etusivu","status":"publish","type":"page","link":"https:\/\/www.pekkatiitu.fi\/","title":{"rendered":"Sanottua"},"content":{"rendered":"\n<p class=\"has-text-align-center\" style=\"font-size:48px\"><\/p>\n\n\n\n<div class=\"wp-block-columns\">\n<div class=\"wp-block-column\"><\/div>\n<\/div>\n\n\n\n<div class=\"wp-block-columns alignwide\">\n<div class=\"wp-block-column\" style=\"flex-basis:100%\">\n<div class=\"wp-block-columns\">\n<div class=\"wp-block-column\" style=\"flex-basis:100%\">\n<div class=\"wp-block-columns\">\n<div class=\"wp-block-column\" style=\"flex-basis:66.66%\"><\/div>\n\n\n\n<div class=\"wp-block-column\" style=\"flex-basis:33.33%\"><\/div>\n<\/div>\n<\/div>\n<\/div>\n<\/div>\n<\/div>\n\n\n\n<div class=\"wp-block-columns\">\n<div class=\"wp-block-column\">\n<blockquote class=\"wp-block-quote is-style-large\"><p>&#8221;Pekka on ollut ty\u00f6nohjaajana aivan huippu! Ottanut keskusteluissa kaikki huomioon. Osannut johdattaa keskusteluita oikeeseen suuntaan ja osannut kysy\u00e4 oikea kysymykset&#8221; <\/p><cite>Ryhm\u00e4ohjauksen palaute<\/cite><\/blockquote>\n\n\n\n<div style=\"height:100px\" aria-hidden=\"true\" class=\"wp-block-spacer\"><\/div>\n\n\n\n<blockquote class=\"wp-block-quote is-style-large\"><p>&#8221;Olet ihailtavasti puuttunut kaikkiin t\u00e4\u00e4ll\u00e4 esille tulleisiin puheisiin ja vienyt keskustelua pidemm\u00e4lle. Olet hienosti haastanut meit\u00e4 sanoittamaan omia tunteita ja ajatuksia&#8221; <\/p><cite>Ryhm\u00e4ohjauksen palaute<\/cite><\/blockquote>\n\n\n\n<p><\/p>\n\n\n\n<p><\/p>\n\n\n\n<p style=\"font-size:24px\"><\/p>\n\n\n\n<p style=\"font-size:24px\"><\/p>\n<\/div>\n\n\n\n<div class=\"wp-block-column\">\n<figure class=\"wp-block-image size-large is-style-rounded\"><img loading=\"lazy\" width=\"768\" height=\"1024\" src=\"https:\/\/www.pekkatiitu.fi\/wp-content\/uploads\/2021\/12\/4155-768x1024.jpg\" alt=\"\" class=\"wp-image-24\" srcset=\"https:\/\/www.pekkatiitu.fi\/wp-content\/uploads\/2021\/12\/4155-768x1024.jpg 768w, https:\/\/www.pekkatiitu.fi\/wp-content\/uploads\/2021\/12\/4155-scaled-600x800.jpg 600w, https:\/\/www.pekkatiitu.fi\/wp-content\/uploads\/2021\/12\/4155-225x300.jpg 225w, https:\/\/www.pekkatiitu.fi\/wp-content\/uploads\/2021\/12\/4155-1152x1536.jpg 1152w, https:\/\/www.pekkatiitu.fi\/wp-content\/uploads\/2021\/12\/4155-1536x2048.jpg 1536w, https:\/\/www.pekkatiitu.fi\/wp-content\/uploads\/2021\/12\/4155-scaled.jpg 1920w\" sizes=\"(max-width: 768px) 100vw, 768px\" \/><\/figure>\n<\/div>\n<\/div>\n\n\n\n<h3 class=\"has-text-align-center\"><br><\/h3>\n","protected":false},"excerpt":{"rendered":"<p>&#8221;Pekka on ollut ty\u00f6nohjaajana aivan huippu! Ottanut keskusteluissa kaikki huomioon. Osannut johdattaa keskusteluita oikeeseen suuntaan ja osannut kysy\u00e4 oikea kysymykset&#8221; Ryhm\u00e4ohjauksen palaute &#8221;Olet ihailtavasti puuttunut kaikkiin t\u00e4\u00e4ll\u00e4 esille tulleisiin puheisiin ja vienyt keskustelua pidemm\u00e4lle. Olet hienosti haastanut meit\u00e4 sanoittamaan omia tunteita ja ajatuksia&#8221; Ryhm\u00e4ohjauksen palaute<\/p>\n","protected":false},"author":1,"featured_media":54,"parent":103,"menu_order":0,"comment_status":"closed","ping_status":"closed","template":"","meta":[],"yoast_head":"<!-- This site is optimized with the Yoast SEO plugin v17.8 - https:\/\/yoast.com\/wordpress\/plugins\/seo\/ -->\n<title>Sanottua - Pekka Tiitu<\/title>\n<meta name=\"robots\" content=\"index, follow, max-snippet:-1, max-image-preview:large, max-video-preview:-1\" \/>\n<link rel=\"canonical\" href=\"https:\/\/www.pekkatiitu.fi\/\" \/>\n<meta property=\"og:locale\" content=\"fi_FI\" \/>\n<meta property=\"og:type\" content=\"article\" \/>\n<meta property=\"og:title\" content=\"Sanottua - Pekka Tiitu\" \/>\n<meta property=\"og:description\" content=\"&#8221;Pekka on ollut ty\u00f6nohjaajana aivan huippu! Ottanut keskusteluissa kaikki huomioon. Osannut johdattaa keskusteluita oikeeseen suuntaan ja osannut kysy\u00e4 oikea kysymykset&#8221; Ryhm\u00e4ohjauksen palaute &#8221;Olet ihailtavasti puuttunut kaikkiin t\u00e4\u00e4ll\u00e4 esille tulleisiin puheisiin ja vienyt keskustelua pidemm\u00e4lle. Olet hienosti haastanut meit\u00e4 sanoittamaan omia tunteita ja ajatuksia&#8221; Ryhm\u00e4ohjauksen palaute\" \/>\n<meta property=\"og:url\" content=\"https:\/\/www.pekkatiitu.fi\/\" \/>\n<meta property=\"og:site_name\" content=\"Pekka Tiitu\" \/>\n<meta property=\"article:modified_time\" content=\"2023-09-22T10:48:11+00:00\" \/>\n<meta property=\"og:image\" content=\"https:\/\/www.pekkatiitu.fi\/wp-content\/uploads\/2021\/12\/jean-philippe-delberghe-75xPHEQBmvA-unsplash-scaled.jpg\" \/>\n\t<meta property=\"og:image:width\" content=\"1707\" \/>\n\t<meta property=\"og:image:height\" content=\"2560\" \/>\n<meta name=\"twitter:card\" content=\"summary_large_image\" \/>\n<meta name=\"twitter:label1\" content=\"Arvioitu lukuaika\" \/>\n\t<meta name=\"twitter:data1\" content=\"1 minuutti\" \/>\n<script type=\"application\/ld+json\" class=\"yoast-schema-graph\">{\"@context\":\"https:\/\/schema.org\",\"@graph\":[{\"@type\":[\"Person\",\"Organization\"],\"@id\":\"https:\/\/www.pekkatiitu.fi\/#\/schema\/person\/626e05674b9b2902ec811dd03803ebef\",\"name\":\"Pekka Tiitu\",\"image\":{\"@type\":\"ImageObject\",\"@id\":\"https:\/\/www.pekkatiitu.fi\/#personlogo\",\"inLanguage\":\"fi\",\"url\":\"http:\/\/www.pekkatiitu.fi\/wp-content\/uploads\/2021\/12\/PT-Pekka-Tiitu-logo-oval-tasa.png\",\"contentUrl\":\"http:\/\/www.pekkatiitu.fi\/wp-content\/uploads\/2021\/12\/PT-Pekka-Tiitu-logo-oval-tasa.png\",\"width\":1039,\"height\":1636,\"caption\":\"Pekka Tiitu\"},\"logo\":{\"@id\":\"https:\/\/www.pekkatiitu.fi\/#personlogo\"}},{\"@type\":\"WebSite\",\"@id\":\"https:\/\/www.pekkatiitu.fi\/#website\",\"url\":\"https:\/\/www.pekkatiitu.fi\/\",\"name\":\"Pekka Tiitu\",\"description\":\"Sinun ty&ouml;si tarina\",\"publisher\":{\"@id\":\"https:\/\/www.pekkatiitu.fi\/#\/schema\/person\/626e05674b9b2902ec811dd03803ebef\"},\"potentialAction\":[{\"@type\":\"SearchAction\",\"target\":{\"@type\":\"EntryPoint\",\"urlTemplate\":\"https:\/\/www.pekkatiitu.fi\/?s={search_term_string}\"},\"query-input\":\"required name=search_term_string\"}],\"inLanguage\":\"fi\"},{\"@type\":\"ImageObject\",\"@id\":\"https:\/\/www.pekkatiitu.fi\/#primaryimage\",\"inLanguage\":\"fi\",\"url\":\"https:\/\/www.pekkatiitu.fi\/wp-content\/uploads\/2021\/12\/jean-philippe-delberghe-75xPHEQBmvA-unsplash-scaled.jpg\",\"contentUrl\":\"https:\/\/www.pekkatiitu.fi\/wp-content\/uploads\/2021\/12\/jean-philippe-delberghe-75xPHEQBmvA-unsplash-scaled.jpg\",\"width\":1707,\"height\":2560},{\"@type\":\"WebPage\",\"@id\":\"https:\/\/www.pekkatiitu.fi\/#webpage\",\"url\":\"https:\/\/www.pekkatiitu.fi\/\",\"name\":\"Sanottua - Pekka Tiitu\",\"isPartOf\":{\"@id\":\"https:\/\/www.pekkatiitu.fi\/#website\"},\"primaryImageOfPage\":{\"@id\":\"https:\/\/www.pekkatiitu.fi\/#primaryimage\"},\"datePublished\":\"2019-06-05T11:39:57+00:00\",\"dateModified\":\"2023-09-22T10:48:11+00:00\",\"breadcrumb\":{\"@id\":\"https:\/\/www.pekkatiitu.fi\/#breadcrumb\"},\"inLanguage\":\"fi\",\"potentialAction\":[{\"@type\":\"ReadAction\",\"target\":[\"https:\/\/www.pekkatiitu.fi\/\"]}]},{\"@type\":\"BreadcrumbList\",\"@id\":\"https:\/\/www.pekkatiitu.fi\/#breadcrumb\",\"itemListElement\":[{\"@type\":\"ListItem\",\"position\":1,\"name\":\"Etusivu\",\"item\":\"https:\/\/www.pekkatiitu.fi\/\"},{\"@type\":\"ListItem\",\"position\":2,\"name\":\"Min\\u00e4\",\"item\":\"https:\/\/www.pekkatiitu.fi\/index.php\/mina\/\"},{\"@type\":\"ListItem\",\"position\":3,\"name\":\"Sanottua\"}]}]}<\/script>\n<!-- \/ Yoast SEO plugin. -->","yoast_head_json":{"title":"Sanottua - Pekka Tiitu","robots":{"index":"index","follow":"follow","max-snippet":"max-snippet:-1","max-image-preview":"max-image-preview:large","max-video-preview":"max-video-preview:-1"},"canonical":"https:\/\/www.pekkatiitu.fi\/","og_locale":"fi_FI","og_type":"article","og_title":"Sanottua - Pekka Tiitu","og_description":"&#8221;Pekka on ollut ty\u00f6nohjaajana aivan huippu! Ottanut keskusteluissa kaikki huomioon. Osannut johdattaa keskusteluita oikeeseen suuntaan ja osannut kysy\u00e4 oikea kysymykset&#8221; Ryhm\u00e4ohjauksen palaute &#8221;Olet ihailtavasti puuttunut kaikkiin t\u00e4\u00e4ll\u00e4 esille tulleisiin puheisiin ja vienyt keskustelua pidemm\u00e4lle. Olet hienosti haastanut meit\u00e4 sanoittamaan omia tunteita ja ajatuksia&#8221; Ryhm\u00e4ohjauksen palaute","og_url":"https:\/\/www.pekkatiitu.fi\/","og_site_name":"Pekka Tiitu","article_modified_time":"2023-09-22T10:48:11+00:00","og_image":[{"width":1707,"height":2560,"url":"https:\/\/www.pekkatiitu.fi\/wp-content\/uploads\/2021\/12\/jean-philippe-delberghe-75xPHEQBmvA-unsplash-scaled.jpg","type":"image\/jpeg"}],"twitter_card":"summary_large_image","twitter_misc":{"Arvioitu lukuaika":"1 minuutti"},"schema":{"@context":"https:\/\/schema.org","@graph":[{"@type":["Person","Organization"],"@id":"https:\/\/www.pekkatiitu.fi\/#\/schema\/person\/626e05674b9b2902ec811dd03803ebef","name":"Pekka Tiitu","image":{"@type":"ImageObject","@id":"https:\/\/www.pekkatiitu.fi\/#personlogo","inLanguage":"fi","url":"http:\/\/www.pekkatiitu.fi\/wp-content\/uploads\/2021\/12\/PT-Pekka-Tiitu-logo-oval-tasa.png","contentUrl":"http:\/\/www.pekkatiitu.fi\/wp-content\/uploads\/2021\/12\/PT-Pekka-Tiitu-logo-oval-tasa.png","width":1039,"height":1636,"caption":"Pekka Tiitu"},"logo":{"@id":"https:\/\/www.pekkatiitu.fi\/#personlogo"}},{"@type":"WebSite","@id":"https:\/\/www.pekkatiitu.fi\/#website","url":"https:\/\/www.pekkatiitu.fi\/","name":"Pekka Tiitu","description":"Sinun ty&ouml;si tarina","publisher":{"@id":"https:\/\/www.pekkatiitu.fi\/#\/schema\/person\/626e05674b9b2902ec811dd03803ebef"},"potentialAction":[{"@type":"SearchAction","target":{"@type":"EntryPoint","urlTemplate":"https:\/\/www.pekkatiitu.fi\/?s={search_term_string}"},"query-input":"required name=search_term_string"}],"inLanguage":"fi"},{"@type":"ImageObject","@id":"https:\/\/www.pekkatiitu.fi\/#primaryimage","inLanguage":"fi","url":"https:\/\/www.pekkatiitu.fi\/wp-content\/uploads\/2021\/12\/jean-philippe-delberghe-75xPHEQBmvA-unsplash-scaled.jpg","contentUrl":"https:\/\/www.pekkatiitu.fi\/wp-content\/uploads\/2021\/12\/jean-philippe-delberghe-75xPHEQBmvA-unsplash-scaled.jpg","width":1707,"height":2560},{"@type":"WebPage","@id":"https:\/\/www.pekkatiitu.fi\/#webpage","url":"https:\/\/www.pekkatiitu.fi\/","name":"Sanottua - Pekka Tiitu","isPartOf":{"@id":"https:\/\/www.pekkatiitu.fi\/#website"},"primaryImageOfPage":{"@id":"https:\/\/www.pekkatiitu.fi\/#primaryimage"},"datePublished":"2019-06-05T11:39:57+00:00","dateModified":"2023-09-22T10:48:11+00:00","breadcrumb":{"@id":"https:\/\/www.pekkatiitu.fi\/#breadcrumb"},"inLanguage":"fi","potentialAction":[{"@type":"ReadAction","target":["https:\/\/www.pekkatiitu.fi\/"]}]},{"@type":"BreadcrumbList","@id":"https:\/\/www.pekkatiitu.fi\/#breadcrumb","itemListElement":[{"@type":"ListItem","position":1,"name":"Etusivu","item":"https:\/\/www.pekkatiitu.fi\/"},{"@type":"ListItem","position":2,"name":"Min\u00e4","item":"https:\/\/www.pekkatiitu.fi\/index.php\/mina\/"},{"@type":"ListItem","position":3,"name":"Sanottua"}]}]}},"_links":{"self":[{"href":"https:\/\/www.pekkatiitu.fi\/index.php\/wp-json\/wp\/v2\/pages\/2"}],"collection":[{"href":"https:\/\/www.pekkatiitu.fi\/index.php\/wp-json\/wp\/v2\/pages"}],"about":[{"href":"https:\/\/www.pekkatiitu.fi\/index.php\/wp-json\/wp\/v2\/types\/page"}],"author":[{"embeddable":true,"href":"https:\/\/www.pekkatiitu.fi\/index.php\/wp-json\/wp\/v2\/users\/1"}],"replies":[{"embeddable":true,"href":"https:\/\/www.pekkatiitu.fi\/index.php\/wp-json\/wp\/v2\/comments?post=2"}],"version-history":[{"count":36,"href":"https:\/\/www.pekkatiitu.fi\/index.php\/wp-json\/wp\/v2\/pages\/2\/revisions"}],"predecessor-version":[{"id":238,"href":"https:\/\/www.pekkatiitu.fi\/index.php\/wp-json\/wp\/v2\/pages\/2\/revisions\/238"}],"up":[{"embeddable":true,"href":"https:\/\/www.pekkatiitu.fi\/index.php\/wp-json\/wp\/v2\/pages\/103"}],"wp:featuredmedia":[{"embeddable":true,"href":"https:\/\/www.pekkatiitu.fi\/index.php\/wp-json\/wp\/v2\/media\/54"}],"wp:attachment":[{"href":"https:\/\/www.pekkatiitu.fi\/index.php\/wp-json\/wp\/v2\/media?parent=2"}],"curies":[{"name":"wp","href":"https:\/\/api.w.org\/{rel}","templated":true}]}}